{"id":94,"date":"2026-01-27T15:04:13","date_gmt":"2026-01-27T15:04:13","guid":{"rendered":"https:\/\/storiarenov.fr\/?page_id=94"},"modified":"2026-01-30T18:25:51","modified_gmt":"2026-01-30T18:25:51","slug":"un-devis","status":"publish","type":"page","link":"https:\/\/storiarenov.fr\/index.php\/un-devis\/","title":{"rendered":"UN DEVIS ?"},"content":{"rendered":"\n<p>Obtenez votre \u00e9tude gratuite et personnalis\u00e9e<\/p>\n\n\n\n<p><strong>Un devis ? Parlons de votre projet<\/strong><\/p>\n\n\n\n<p>Vous \u00eates&nbsp;<strong>particulier ou professionnel<\/strong>&nbsp;et vous avez un projet de panneaux photovolta\u00efques ou de pompe \u00e0 chaleur ?<br>Chez&nbsp;<strong>Storia Renov<\/strong>, nous vous proposons une&nbsp;<strong>\u00e9tude gratuite, sans engagement<\/strong>.<\/p>\n\n\n\n<figure class=\"wp-block-image size-full is-resized\"><img loading=\"lazy\" decoding=\"async\" width=\"500\" height=\"500\" src=\"http:\/\/storiarenov.fr\/wp-content\/uploads\/2026\/01\/LOGO-STORIA-Renov-4.png\" alt=\"\" class=\"wp-image-41\" style=\"width:327px;height:auto\" srcset=\"https:\/\/storiarenov.fr\/wp-content\/uploads\/2026\/01\/LOGO-STORIA-Renov-4.png 500w, https:\/\/storiarenov.fr\/wp-content\/uploads\/2026\/01\/LOGO-STORIA-Renov-4-300x300.png 300w, https:\/\/storiarenov.fr\/wp-content\/uploads\/2026\/01\/LOGO-STORIA-Renov-4-150x150.png 150w\" sizes=\"auto, (max-width: 500px) 100vw, 500px\" \/><\/figure>\n\n\n\n<p>Chaque projet est unique. C\u2019est pourquoi nous prenons le temps d\u2019analyser votre logement ou votre b\u00e2timent professionnel afin de vous proposer une solution r\u00e9ellement adapt\u00e9e \u00e0 vos besoins et \u00e0 votre budget.<\/p>\n\n\n\n<p>Notre objectif : vous apporter une r\u00e9ponse claire, transparente et personnalis\u00e9e.<\/p>\n\n\n\n<h6 class=\"wp-block-heading\">1\ufe0f\u20e3 Contactez-nous<\/h6>\n\n\n\n<p>Par t\u00e9l\u00e9phone ou via le formulaire de contact, expliquez-nous votre projet.<\/p>\n\n\n\n<h6 class=\"wp-block-heading\">2\ufe0f\u20e3 \u00c9tude personnalis\u00e9e<\/h6>\n\n\n\n<p>Nous analysons votre situation (habitation, consommation, besoins).<\/p>\n\n\n\n<h6 class=\"wp-block-heading\">3\ufe0f\u20e3 Proposition claire<\/h6>\n\n\n\n<p>Vous recevez une proposition adapt\u00e9e, sans engagement et sans surprise.<\/p>\n\n\n\n<p><strong>Pour les particuliers et les professionnels<\/strong><\/p>\n\n\n\n<p>Nous r\u00e9alisons des devis aussi bien pour :<\/p>\n\n\n\n<ul class=\"wp-block-list\">\n<li><strong>Particuliers<\/strong>&nbsp;(maisons individuelles)<\/li>\n<\/ul>\n\n\n\n<figure class=\"wp-block-image size-full\"><img loading=\"lazy\" decoding=\"async\" width=\"728\" height=\"408\" src=\"https:\/\/storiarenov.fr\/wp-content\/uploads\/2026\/01\/eco-friendly-modern-home-stockcake-1.webp\" alt=\"\" class=\"wp-image-146\" srcset=\"https:\/\/storiarenov.fr\/wp-content\/uploads\/2026\/01\/eco-friendly-modern-home-stockcake-1.webp 728w, https:\/\/storiarenov.fr\/wp-content\/uploads\/2026\/01\/eco-friendly-modern-home-stockcake-1-300x168.webp 300w\" sizes=\"auto, (max-width: 728px) 100vw, 728px\" \/><\/figure>\n\n\n\n<ul class=\"wp-block-list\">\n<li><strong>Professionnels<\/strong>&nbsp;(entreprises, commerces, hangars agricoles ou industriels)<\/li>\n<\/ul>\n\n\n\n<figure class=\"wp-block-image size-large is-resized\"><img loading=\"lazy\" decoding=\"async\" width=\"1024\" height=\"576\" src=\"https:\/\/storiarenov.fr\/wp-content\/uploads\/2026\/01\/68381982af065-1-1024x576.webp\" alt=\"\" class=\"wp-image-147\" style=\"width:724px;height:auto\" srcset=\"https:\/\/storiarenov.fr\/wp-content\/uploads\/2026\/01\/68381982af065-1-1024x576.webp 1024w, https:\/\/storiarenov.fr\/wp-content\/uploads\/2026\/01\/68381982af065-1-300x169.webp 300w, https:\/\/storiarenov.fr\/wp-content\/uploads\/2026\/01\/68381982af065-1-768x432.webp 768w, https:\/\/storiarenov.fr\/wp-content\/uploads\/2026\/01\/68381982af065-1.webp 1520w\" sizes=\"auto, (max-width: 1024px) 100vw, 1024px\" \/><\/figure>\n\n\n\n<p>Chaque demande est \u00e9tudi\u00e9e avec le m\u00eame s\u00e9rieux et le m\u00eame niveau d\u2019exigence.<\/p>\n\n\n\n<p><strong>Choisissez le moyen de contact qui vous convient :<\/strong><\/p>\n\n\n\n<div class=\"wp-block-buttons is-layout-flex wp-block-buttons-is-layout-flex\">\n<div class=\"wp-block-button\"><a class=\"wp-block-button__link wp-element-button\" href=\"tel:(+33) 6 43 60 67 94\">(+33) 6 43 60 67 94<\/a><\/div>\n\n\n\n<div class=\"wp-block-button\"><a class=\"wp-block-button__link wp-element-button\" href=\"https:\/\/storiarenov.fr\/index.php\/demander-une-etude-gratuite\/\"><strong>Demander <\/strong>une <strong>\u00e9tude gratuite<\/strong><\/a><\/div>\n<\/div>\n\n\n\n<p>Un simple \u00e9change peut vous permettre d\u2019y voir plus clair sur votre projet \u00e9nerg\u00e9tique.<br>N\u2019h\u00e9sitez pas \u00e0 nous contacter pour une&nbsp;<strong>\u00e9tude gratuite et sans engagement<\/strong>.<\/p>\n","protected":false},"excerpt":{"rendered":"<p>Obtenez votre \u00e9tude gratuite et personnalis\u00e9e Un devis ? Parlons de votre projet Vous \u00eates&nbsp;particulier ou professionnel&nbsp;et vous avez un projet de panneaux photovolta\u00efques ou de pompe \u00e0 chaleur ?Chez&nbsp;Storia Renov, nous vous proposons une&nbsp;\u00e9tude gratuite, sans engagement. Chaque projet est unique. C\u2019est pourquoi nous prenons le temps d\u2019analyser votre logement ou votre b\u00e2timent professionnel [&hellip;]<\/p>\n","protected":false},"author":1,"featured_media":0,"parent":0,"menu_order":0,"comment_status":"closed","ping_status":"closed","template":"","meta":{"footnotes":""},"class_list":["post-94","page","type-page","status-publish","hentry"],"_links":{"self":[{"href":"https:\/\/storiarenov.fr\/index.php\/wp-json\/wp\/v2\/pages\/94","targetHints":{"allow":["GET"]}}],"collection":[{"href":"https:\/\/storiarenov.fr\/index.php\/wp-json\/wp\/v2\/pages"}],"about":[{"href":"https:\/\/storiarenov.fr\/index.php\/wp-json\/wp\/v2\/types\/page"}],"author":[{"embeddable":true,"href":"https:\/\/storiarenov.fr\/index.php\/wp-json\/wp\/v2\/users\/1"}],"replies":[{"embeddable":true,"href":"https:\/\/storiarenov.fr\/index.php\/wp-json\/wp\/v2\/comments?post=94"}],"version-history":[{"count":8,"href":"https:\/\/storiarenov.fr\/index.php\/wp-json\/wp\/v2\/pages\/94\/revisions"}],"predecessor-version":[{"id":168,"href":"https:\/\/storiarenov.fr\/index.php\/wp-json\/wp\/v2\/pages\/94\/revisions\/168"}],"wp:attachment":[{"href":"https:\/\/storiarenov.fr\/index.php\/wp-json\/wp\/v2\/media?parent=94"}],"curies":[{"name":"wp","href":"https:\/\/api.w.org\/{rel}","templated":true}]}}